ulate the remainder when 24 is divided by 0 - 4 - (q - 16).
6
Let h be 8 + (-1 - 1) + 4. Suppose h - 66 = -4*x. What is the remainder when 25 is divided by x?
11
Let u = -63 + 67. Suppose 0 = -3*l - u*v + 206, 2*v + 121 = 4*l - 139. What is the remainder when l is divided by 21?
3
Let c be (-8)/36 - (-47)/9. Suppose -547 = -c*w - 82. Suppose -6*b - 15 = -w. Calculate the remainder when 47 is divided by b.
8
Suppose 9 = 2*l - 7. Suppose -106 - 734 = -28*g. What is the remainder when g is divided by l?
6
Let o(g) = 2*g + 41. Let m = 26 - -9. What is the remainder when m is divided by o(-11)?
16
Suppose 0 = -8*j + 5*j + 60. What is the remainder when ((-36)/(-5))/3*(-210)/(-9) is divided by j?
16
Let q = 29 + 19. Suppose -5*b + 80 = 3*m, 3*b + m - q = -m. Suppose -4*a = -50 - 130. Calculate the remainder when a is divided by b.
13
Let r = -135 - -144. What is the remainder when r is divided by 6?
3
Let v(j) = 4*j + 4. Let x be v(4). Suppose -8 = l - x. What is the remainder when 20 is divided by l?
8
Let b = 4 - -23. What is the remainder when (-417)/(-4) - 10/((-280)/21) is divided by b?
24
Let u = 18 + -14. Suppose -177 = -u*q + 147. Suppose -3*c + 116 + q = -2*h, 5*c = 4*h + 331. Calculate the remainder when c is divided by 22.
19
Suppose -8*x + 5*x + 15 = 0. Suppose -g + 3*u + 55 = g, x = -g - 5*u. What is the remainder when 96 is divided by g?
16
Let l = -264 - -328. Calculate the remainder when 190 is divided by l.
62
Suppose 6*d - 108 = 2904. Calculate the remainder when d is divided by 46.
42
Let j = -76 - -134. Let m be (-6)/(-21) - 52/(-14). What is the remainder when j is divided by m/(-6) - (-114)/9?
10
Let w(d) = 9*d - 119. What is the remainder when w(39) is divided by 26?
24
Let n = -77 - -157. Calculate the remainder when n is divided by 66.
14
Let l = -783 - -811. Calculate the remainder when l is divided by 3.
1
What is the remainder when 3500/12 + (-16)/24 is divided by 98?
95
Let x(s) = s**2 - 9*s + 6. Let a be x(4). Let c = 30 + a. Suppose -c = -0*p - p. Calculate the remainder when p is divided by 5.
1
Let d = 42 + 38. Let i = d + -59. What is the remainder when 34 is divided by i?
13
Suppose 0 = 5*y - 7*y + 4. Suppose y*u + 3*f = 4, -5*u + 2*f = 20 - 68. What is the remainder when 29 is divided by u?
5
Let d = 2711 - 2644. Calculate the remainder when 236 is divided by d.
35
Suppose h = -7*h + 39 + 633. Suppose 4*p + 116 = 8*p. What is the remainder when h is divided by p?
26
Suppose 47 = -2*m - q, 0*m = -3*m - q - 72. Let w = 29 + m. Calculate the remainder when w is divided by 1.
0
Let j = 70 + 3. Suppose -3*n + 11 = -j. What is the remainder when 55 is divided by n?
27
Let p = 131 + -4. What is the remainder when p is divided by 22?
17
Let u(s) = -5*s**3 - 3*s**2 - s. Let i be u(-1). What is the remainder when 43 is divided by -5 - -2 - i/((-12)/76)?
11
Suppose 3*s - 167 + 11 = 0. Suppose 5*i - w - 189 - 55 = 0, -i = -w - s. Suppose -i = -9*b + 5*b. What is the remainder when 34 is divided by b?
10
Let u = -84 + 100. Let g = u + -2. What is the remainder when 180 is divided by g?
12
Suppose -4*q - 34 = -5*k, -9*q + 10 = -k - 4*q. What is the remainder when 20 is divided by k?
0
Suppose 5*i + 85 = -40. Let p = i - -44. What is the remainder when 35 is divided by p?
16
Let g = -2 + 8. Suppose -l + 2*o + 3*o = -8, 5*l - 18 = 3*o. Calculate the remainder when g is divided by l.
0
Suppose 10*w + 148 = 12*w - 3*b, w - 81 = -2*b. What is the remainder when 769 is divided by w?
76
Let y(h) = h**3 + h**2 + h + 14. Let m(q) = -q**2 + 6*q + 9. Let s be m(8). Let r(p) = -p**2 - 8*p - 4. What is the remainder when y(0) is divided by r(s)?
2
Suppose -21*b - 113 = -869. Calculate the remainder when 142 is divided by b.
34
Let b(l) = 145*l - 167. Calculate the remainder when b(5) is divided by 17.
14
Let h(a) = 3*a**2 - 4. Calculate the remainder when h(-4) is divided by 988/91 - 11 - (-162)/7.
21
Let z be (6/(-33))/(-1) - (-114)/(-22). Let d(t) = t**3 + 6*t**2 - 7*t - 1. What is the remainder when d(z) is divided by 12?
11
What is the remainder when 48 is divided by (-10878)/(-574) + 14/287?
10
Suppose d - 132 = -113. Calculate the remainder when d is divided by 3.
1
Let q be 38/((-5)/(-3) - 1). Suppose 3 = 5*m - q. Calculate the remainder when (-6383)/(-143) - (-8)/22 is divided by m.
9
Let k = -31 - -27. Calculate the remainder when (2 + 1 + k)*-63 is divided by 22.
19
Let j(i) = 20*i + 3 + 2 - 2. Let z(c) = -3*c + 66. Let p be z(21). Calculate the remainder when j(p) is divided by 33.
30
Let s = 1357 - -93. Calculate the remainder when 31 is divided by (-4)/(-6) - s/(-75).
11
Suppose 2*i = -3*q - 8, -3*i - 3*q = 4 + 5. What is the remainder when i/(3/12) + 1 + 144 is divided by 36?
33
Let h be (-6)/(-2) + -8 + 47. Suppose 0*m + h = 2*m - 4*j, 3*m - 41 = -5*j. Let k = m + -9. What is the remainder when 38 is divided by k?
6
Suppose 0*g + 17*g - 1394 = 0. Calculate the remainder when g is divided by 7.
5
Let s(h) = -h**2 + 9*h - 1. Calculate the remainder when 13 is divided by s(8).
6
Let c be (-4 - 17/(-4))*4. Let z = -16 - -31. What is the remainder when 916/16 + c/(-4) is divided by z?
12
Let v = 43 + -67. Let c = v - -29. Calculate the remainder when 18 is divided by c.
3
What is the remainder when (-4 + 168/36)*(-846)/(-4) is divided by 25?
16
Let m(q) = 179*q + 25 + 22*q**2 - q**3 + 182*q - 361*q. Let x(p) = p**3 + p**2 - p + 99. Calculate the remainder when x(0) is divided by m(22).
24
Let h = -6 - -26. Suppose -5*p + h = -0*p. What is the remainder when 14 is divided by p?
2
Suppose -7*d - 27 = -2*v - 4*d, -4*d = -12. What is the remainder when 159 is divided by v?
15
Let m(l) = -2*l**2 - 5*l + 4. Let x be m(1). Calculate the remainder when x/9 - 5/((-15)/196) is divided by 22.
21
Let c(g) = -g**2 - 31*g + 17. Calculate the remainder when 65 is divided by c(-31).
14
Let b = -2 - -21. Let u be 2/8 + 30/8. Calculate the remainder when b is divided by (-4)/6*(-66)/u.
8
Let i(h) = h**2 - 9*h - 2. Let l be i(7). Let z = 49 + l. Calculate the remainder when 163 is divided by z.
31
Let u = 136 - 108. What is the remainder when 152 is divided by u?
12
What is the remainder when 4/(3 + -1 + 1408/(-708)) is divided by 89?
87
Suppose -5*h + 140 = -2*u, u - 6*u + 53 = 3*h. Calculate the remainder when 62 is divided by h.
10
Suppose 0 = 4*j + 3*k - 32, -2*j = k - 5*k + 6. Suppose 3*y = -5*x + 45, j*y + 1 = -4*x + 37. What is the remainder when 24 is divided by x?
6
Let m = -63 - -60. Calculate the remainder when ((-42)/10)/(m/45) is divided by 13.
11
Let s = 233 + -214. What is the remainder when 73 is divided by s?
16
Calculate the remainder when (2 - 52/1)/(-1) is divided by ((1*-40)/(-1))/2.
10
Suppose 17*q - 2*q - 3330 = 0. Calculate the remainder when q is divided by 76.
70
Suppose 4*g + 213 = 21. Let b = 69 + g. Suppose 0 = k - 3*s + s - b, -5*s + 41 = 3*k. Calculate the remainder when k is divided by 4.
1
Suppose 0 = 2*z - 2, 5*i - 424 = 4*z + 432. Let k be (-2)/3 + i/6. Calculate the remainder when k/(-1)*21/(-12) is divided by 26.
23
Let w(y) = -4*y**3 + 5*y**2 - 1. Let o be w(-4). Let i = o - 224. What is the remainder when i is divided by 19?
16
Let h be (-458)/8 - 3/(-12). Let x = h - -100. Let u = x - 31. Calculate the remainder when 23 is divided by u.
11
Suppose 0*o - 40 = -2*o. Let d be (-25)/((-4)/o + 0). Suppose -5*t + d = -0*t. Calculate the remainder when t is divided by 9.
7
Let d(k) = 16*k**2 - 20*k - 35. Calculate the remainder when d(5) is divided by 21.
13
Let t = 37 - 22. Suppose -4*m + 4*u = u - 67, -5*m - 4*u = -76. Suppose 0 = i - 26 - m. What is the remainder when i is divided by t?
12
Suppose 0 = -i - x + 46, -5*i - 5*x = -3*i - 77. What is the remainder when 559 is divided by i?
49
Suppose -5*g = -3*g - 4*c + 12, -2*c - 2 = -3*g. Suppose 5*h + 95 = 5*q, 0 = 3*q + 5*h - g*h - 37. Calculate the remainder when 52 is divided by q.
10
Suppose -23*i = -12*i - 16159. Calculate the remainder when i is divided by 49.
48
Suppose 3*v = -v + 32. Let i(q) = -q**2 + 9*q + 9. Calculate the remainder when 82 is divided by i(v).
14
Let k = 53 - 25. Let a be (-10)/(296/76 - 4). Suppose -315 + a = -2*h. What is the remainder when h is divided by k?
26
Suppose -2*k - 101 = -6*k + 5*s, 75 = 3*k - 4*s. Let p(a) = 9*a**2 - 1.